{"id":155,"date":"2020-12-04T00:02:20","date_gmt":"2020-12-04T00:02:20","guid":{"rendered":"http:\/\/med-space.org\/youssef-zaz-master\/?page_id=155"},"modified":"2020-12-13T18:22:50","modified_gmt":"2020-12-13T18:22:50","slug":"perception-couleurs","status":"publish","type":"page","link":"https:\/\/yzaz.net\/master\/perception-couleurs\/","title":{"rendered":"Perception des couleurs"},"content":{"rendered":"<p>L&#8217;\u0153il est un organe extr\u00eamement complexe, fruit d&#8217;une tr\u00e8s longue \u00e9volution. C&#8217;est lui qui nous permet de &#8220;voir&#8221; le monde en couleur et de percevoir des milliers de couleurs. Mais comment le fait-il ? Qu&#8217;est-ce que la couleur et combien l\u2019\u0153il peut percevoir de couleurs diff\u00e9rentes ? Pourquoi et quand parle-t-on de gamma ? Comment la repr\u00e9senter num\u00e9riquement ?<\/p>\n<p>La lumi\u00e8re est une onde \u00e9lectromagn\u00e9tique et sa couleur d\u00e9pend de sa longueur d&#8217;onde. Comme toutes les ondes, elle poss\u00e8de une infinit\u00e9 de longueurs d&#8217;onde diff\u00e9rentes qui lui donnent justement sa &#8220;couleur&#8221; lorsque l&#8217;on parle des couleurs visibles par l&#8217;homme. Quand les longueurs d&#8217;ondes sont courtes &#8211; vers 380 nm &#8211; nous les percevons comme du bleu-violet et quand elles sont plus longues &#8211; vers 700 nm &#8211; nous les percevons comme rouge. L&#8217;ensemble des ondes visibles s&#8217;appelle le spectre de la lumi\u00e8re visible. Au-del\u00e0 du spectre visible pour l&#8217;homme se trouvent du c\u00f4t\u00e9 des ondes encore plus courtes les rayons ultraviolets, rayons X et autres rayons gamma et du c\u00f4t\u00e9 des ondes plus longues, les infrarouges puis les ondes radios. On obtient traditionnellement un spectre de la lumi\u00e8re du soleil si on la fait passer \u00e0 travers un prisme ou encore \u00e0 travers des gouttelettes d&#8217;eau. Cela cr\u00e9e un arc-en-ciel dans certaines conditions m\u00e9t\u00e9orologiques o\u00f9 l&#8217;on per\u00e7oit l&#8217;ensemble des couleurs ci-dessous.<\/p>\n<p><img loading=\"lazy\" decoding=\"async\" class=\"aligncenter wp-image-495 size-full\" src=\"http:\/\/med-space.org\/youssef-zaz-master\/wp-content\/uploads\/2020\/12\/spectre-couleurs-visible-humain.jpg\" alt=\"\" width=\"815\" height=\"374\" srcset=\"https:\/\/yzaz.net\/master\/wp-content\/uploads\/2020\/12\/spectre-couleurs-visible-humain.jpg 815w, https:\/\/yzaz.net\/master\/wp-content\/uploads\/2020\/12\/spectre-couleurs-visible-humain-300x138.jpg 300w, https:\/\/yzaz.net\/master\/wp-content\/uploads\/2020\/12\/spectre-couleurs-visible-humain-768x352.jpg 768w\" sizes=\"(max-width: 815px) 100vw, 815px\" \/><\/p>\n<h3>L&#8217;\u0153il humain et la lumi\u00e8re<\/h3>\n<p>Le fond de l&#8217;\u0153il humain &#8211; la r\u00e9tine &#8211; est tapiss\u00e9 de cellules sensibles \u00e0 la lumi\u00e8re mais avec des propri\u00e9t\u00e9s singuli\u00e8res.<br \/>\nSensibilit\u00e9 spectrale des trois grandes cat\u00e9gories de c\u00f4nes humains<br \/>\nUne image est form\u00e9e par la corn\u00e9e (qui est transparente sauf quand on vieillit) et projet\u00e9e au fond de l&#8217;\u0153il, sur la r\u00e9tine. Celle-ci est litt\u00e9ralement tapiss\u00e9e de cellules nerveuses &#8211; les photor\u00e9cepteurs &#8211; sensibles \u00e0 la lumi\u00e8re en quantit\u00e9 &#8211; la clart\u00e9 &#8211; gr\u00e2ce aux b\u00e2tonnets, mais aussi en qualit\u00e9 &#8211; les couleurs &#8211; gr\u00e2ce aux c\u00f4nes. Les c\u00f4nes (eux seuls capables de percevoir les couleurs) ne sont pas tous sensibles \u00e0 la couleur de la lumi\u00e8re de la m\u00eame fa\u00e7on et poss\u00e8de une singularit\u00e9 marquante. En effet, certains c\u00f4nes sont principalement sensibles dans le rouge, d&#8217;autres dans le vert et enfin les derniers dans le bleu.<\/p>\n<p>Il n&#8217;existe pas au fond de notre \u0153il un type de c\u00f4ne par couleur. Les couleurs sont bien &#8220;reconstitu\u00e9es&#8221; et &#8220;per\u00e7ues&#8221; dans le cerveau gr\u00e2ce au &#8220;m\u00e9lange&#8221; de la perception de la lumi\u00e8re principalement bleue, verte et rouge (jaune si on regarde bien le diagramme ci-dessous). Notons au passage que les c\u00f4nes &#8220;bleus&#8221; sont vraiment centr\u00e9s sur le bleu, les c\u00f4nes &#8220;verts&#8221; le sont vraiment sur le vert mais les soi-disant c\u00f4nes &#8220;rouges&#8221; sont davantage centr\u00e9s sur le jaune. Notez enfin que les c\u00f4nes &#8220;verts&#8221; et &#8220;rouges&#8221; per\u00e7oivent de nombreuses couleurs communes.<\/p>\n<p>L\u2019\u0153il voit toutes les couleurs du spectre visible, du violet au rouge de mani\u00e8re continu donc c&#8217;est par le m\u00e9lange de ces trois &#8220;couleurs&#8221; que le cerveau est capable de &#8220;fabriquer&#8221;, de reconstituer, donc de percevoir toutes les &#8220;autres&#8221; couleurs. Voil\u00e0 pourquoi on a invent\u00e9 un mod\u00e8le couleur RVB : pour nous rapprocher du fonctionnement de l\u2019\u0153il humain. Ainsi, les \u00e9crans ou les capteurs des APN poss\u00e8dent des pixels Rouge-Vert-Bleu ou RVB et ne voit qu&#8217;en RVB ! Ils se rapprochent du fonctionnement l\u2019\u0153il humain gr\u00e2ce \u00e0 trois &#8220;types&#8221; de pixels. Il suffit pour l&#8217;\u00e9cran d&#8217;allumer plus ou moins chaque pixel de l&#8217;\u00e9cran pour reproduire TOUTES les couleurs visibles ! Si l&#8217;on s&#8217;approche trop d&#8217;un \u00e9cran d&#8217;ordinateur (image ci-dessus \u00e0 droite), on voit les pixels RVB s\u00e9par\u00e9s mais ils sont fabriqu\u00e9s suffisamment petits pour que, vus par un \u00eatre humain \u00e0 distance normale, ils soient vus comme amalgam\u00e9s en un seul pixel aux multiples couleurs.<\/p>\n<h3>Synth\u00e8se additive ou soustractive<\/h3>\n<p>Avant d&#8217;essayer de mesurer le nombre de couleurs qu&#8217;est capable de voir un \u00eatre humain, essayons de comprendre comment il per\u00e7oit les couleurs puisque qu&#8217;il ne poss\u00e8de pas un c\u00f4ne sensible \u00e0 chaque couleur. Pour cela, analysons le fonctionnement d&#8217;un \u00e9cran et d&#8217;une imprimante.<br \/>\nUn moniteur ou une imprimante ne travaillent pas avec les couleurs de la m\u00eame mani\u00e8re : l&#8217;\u00e9cran travaille avec des couleurs dites additives &#8211; Rouge, Verte, Bleue &#8211; ou RVB pour donner du blanc par addition comme on peut le voir au centre de cette animation couleur ci-dessous &#8211; alors qu&#8217;une imprimante travaille en mode soustractif &#8211; Cyan, Magenta, Jaune, Noir ou CMJN pour donner du noir par soustraction &#8211; (plus bas). Et bien il se trouve que le l\u2019\u0153il humain fonctionne un peu comme un \u00e9cran (c&#8217;est une image bien entendu !) c&#8217;est \u00e0 dire sur un mode additif.<\/p>\n<p><img loading=\"lazy\" decoding=\"async\" class=\"size-full wp-image-502 alignright\" src=\"http:\/\/med-space.org\/youssef-zaz-master\/wp-content\/uploads\/2020\/12\/couleurs-RVB-additives.gif\" alt=\"\" width=\"200\" height=\"200\" \/><\/p>\n<p>Concr\u00e8tement, avec un \u00e9cran qui travaille donc en mode additif, si l&#8217;on n&#8217;envoie aucun signal RVB aux pixels (0, 0, 0), l&#8217;\u00e9cran reste noir. Il est noir par d\u00e9faut. Pour obtenir du blanc (255, 255, 255) il faut \u00e9clairer chaque pixel Rouge, Vert et Bleu, comme le montre la figure ci-contre au maximum. Les autres couleurs sont obtenues en changeant la valeur de chaque couleur primaire. Pour afficher du jaune par exemple (255, 255, 0), il faut arr\u00eater d&#8217;\u00e9clairer les pixels bleus (l&#8217;\u00e9cran est bien jaune \u00e0 l&#8217;intersection entre le vert et le rouge car les pixels bleus sont \u00e9teints). Seules trois couleurs ne n\u00e9cessitent qu&#8217;un seul pixel. Les trois couleurs primaires et leurs d\u00e9clinaisons en luminosit\u00e9 (de 0 \u00e0 255). Toutes les autres, c&#8217;est-\u00e0-dire les millions d&#8217;autres, seront un m\u00e9lange d&#8217;au moins deux pixels de couleurs primaires plus ou moins lumineux.<\/p>\n<p><img loading=\"lazy\" decoding=\"async\" class=\"size-full wp-image-503 alignright\" src=\"http:\/\/med-space.org\/youssef-zaz-master\/wp-content\/uploads\/2020\/12\/couleurs-CMJ-soustractives.gif\" alt=\"\" width=\"200\" height=\"240\" \/>Avec une imprimante, on part d&#8217;une feuille de papier d\u00e9j\u00e0 blanche par d\u00e9faut car elle r\u00e9fl\u00e9chit \u00e0 parts \u00e9gales toutes les longueurs d&#8217;onde de la lumi\u00e8re visible. Donc l\u00e0, c&#8217;est le contraire, si l&#8217;on veut du noir il va falloir projeter sur cette feuille de l&#8217;encre aux couleurs compl\u00e9mentaires, c&#8217;est-\u00e0-dire Cyan, Magenta et Jaune qui ont la particularit\u00e9 d&#8217;absorber \u00e0 chaque fois une partie de la lumi\u00e8re visible. Dans la pratique il faudra aussi rajouter de l&#8217;encre Noire car 100% des trois autres couleurs ne permettent pas d&#8217;obtenir un noir profond \u00e0 cause des impuret\u00e9s contenues dans les encres mais un brun tr\u00e8s fonc\u00e9. On voit tr\u00e8s bien sur l&#8217;image ci-contre que le centre est marron et non pas noir. Ces encres projet\u00e9es au m\u00eame endroit vont avoir la propri\u00e9t\u00e9 d&#8217;absorber toutes les radiations lumineuses. Cet endroit appara\u00eetra donc noir maintenant. Si l&#8217;on veut que le papier paraisse bleu, il faut projeter dessus, au m\u00eame endroit, du magenta et du cyan. Toutes les radiations lumineuses, sauf le bleu, seront absorb\u00e9es. Seules les longueurs d&#8217;onde bleues de la lumi\u00e8re seront r\u00e9fl\u00e9chies \u00e0 cet endroit.<\/p>\n<p>Par convention, il a \u00e9t\u00e9 d\u00e9cid\u00e9 par la Commission Internationale de l&#8217;\u00c9clairage &#8211; La CIE &#8211; que la couleur rouge primaire est une lumi\u00e8re d&#8217;une longueur d&#8217;onde de 700 nm, le vert de 546 nm et le bleu de 436 nm. Quelque soit la longueur d&#8217;onde de leurs pixels RVB, les fabricants d&#8217;\u00e9crans essayent tout de m\u00eame de reproduire au mieux les couleurs&#8230;<\/p>\n<h3>Couleurs per\u00e7ues par l\u2019\u0153il humain<\/h3>\n<p>Restait donc \u00e0 conna\u00eetre le nombre de nuances color\u00e9es que l\u2019\u0153il humain peut percevoir dans ces fameuses trois couleurs dites primaires. Ce travail f\u00fbt r\u00e9alis\u00e9 dans les ann\u00e9e 30 sous l&#8217;\u00e9gide de la Compagnie Internationale de l&#8217;\u00c9clairage (La CIE). Elle demanda \u00e0 de tr\u00e8s nombreuses personnes de comparer attentivement des nuances de bleus, de verts et de rouge pour compter combien de couleurs diff\u00e9rentes, en moyenne, elles \u00e9taient capables de distinguer. Il est alors ressorti de ces batteries de tests deux choses importantes :<\/p>\n<ul>\n<li>Les \u00eatres humains qui ont l&#8217;acuit\u00e9 visuelle la plus fine sont capables de distinguer jusqu&#8217;\u00e0 200 nuances par couleurs,&#8230; mais<\/li>\n<li>jamais dans les trois couleurs primaires !<\/li>\n<li>Et le gamut de l\u2019\u0153il &#8220;moyen&#8221; (l&#8217;ensemble des couleurs per\u00e7ues) est tr\u00e8s \u00e9tendu : c&#8217;est le fameux espace L*a*b*.<\/li>\n<\/ul>\n<p>Donc si un simple calcul arithm\u00e9tique nous donne 200 x 200 x 200 soit 8 millions de couleurs per\u00e7ues diff\u00e9rentes, dans la r\u00e9alit\u00e9 on en est tr\u00e8s loin car les sp\u00e9cialistes des couleurs (chercheurs, professionnels du marketing couleurs) nous disent que 300000 (trois cent mille) serait beaucoup plus r\u00e9aliste ! Si un \u0153il tr\u00e8s performant est effectivement capable de distinguer jusqu&#8217;\u00e0 200 nuances d&#8217;une m\u00eame couleur primaire, ce m\u00eame \u0153il n&#8217;atteint qu&#8217;exceptionnellement cette prouesse dans les deux autres couleurs primaires.<\/p>\n<p>Conclusion sur la perception des couleurs : certes l\u2019\u0153il humain est parfois capable de distinguer de nombreuses nuances pour une couleur donn\u00e9e mais globalement il faut tout de m\u00eame une diff\u00e9rence importante entre deux nuances d&#8217;une m\u00eame couleur pour que, sans ambigu\u00eft\u00e9, cette personne puisse affirmer qu&#8217;il a bien per\u00e7ue deux couleurs diff\u00e9rentes. Cela ne l&#8217;emp\u00eache pas de percevoir un gamut tr\u00e8s important et large, le fameux espace L*a*b*. On commence \u00e0 deviner que plusieurs combinaisons RVB coderont donc pour une m\u00eame couleur per\u00e7ue par un individu&#8230;<\/p>\n<p>Il est maintenant venu le temps de savoir comment on d\u00e9crit &#8220;informatiquement&#8221; une couleur. Typiquement, les couleurs sont d\u00e9crites gr\u00e2ce \u00e0 trois ou quatre chiffres selon que l&#8217;on travaille en RVB ou en CMJN, toujours avec comme objectif de reproduire le fonctionnement de l\u2019\u0153il humain. Ainsi telle couleur sera not\u00e9e &#8211; 158, 128, 84 &#8211; en RVB et &#8211; 80%, 64%, 21%, 12% &#8211; en CMJN.<\/p>\n<p>&nbsp;<\/p>\n<hr \/>\n<p>Source: Arnaud Frich, www.guide-gestion-des-couleurs.com\/oeil-perception-couleurs.html<\/p>\n","protected":false},"excerpt":{"rendered":"<div class=\"mh-excerpt\"><p>L&#8217;\u0153il est un organe extr\u00eamement complexe, fruit d&#8217;une tr\u00e8s longue \u00e9volution. C&#8217;est lui qui nous permet de &#8220;voir&#8221; le monde en couleur et de percevoir <a class=\"mh-excerpt-more\" href=\"https:\/\/yzaz.net\/master\/perception-couleurs\/\" title=\"Perception des couleurs\">[&#8230;]<\/a><\/p>\n<\/div>","protected":false},"author":1,"featured_media":0,"parent":0,"menu_order":20,"comment_status":"closed","ping_status":"closed","template":"","meta":{"footnotes":""},"_links":{"self":[{"href":"https:\/\/yzaz.net\/master\/wp-json\/wp\/v2\/pages\/155"}],"collection":[{"href":"https:\/\/yzaz.net\/master\/wp-json\/wp\/v2\/pages"}],"about":[{"href":"https:\/\/yzaz.net\/master\/wp-json\/wp\/v2\/types\/page"}],"author":[{"embeddable":true,"href":"https:\/\/yzaz.net\/master\/wp-json\/wp\/v2\/users\/1"}],"replies":[{"embeddable":true,"href":"https:\/\/yzaz.net\/master\/wp-json\/wp\/v2\/comments?post=155"}],"version-history":[{"count":15,"href":"https:\/\/yzaz.net\/master\/wp-json\/wp\/v2\/pages\/155\/revisions"}],"predecessor-version":[{"id":520,"href":"https:\/\/yzaz.net\/master\/wp-json\/wp\/v2\/pages\/155\/revisions\/520"}],"wp:attachment":[{"href":"https:\/\/yzaz.net\/master\/wp-json\/wp\/v2\/media?parent=155"}],"curies":[{"name":"wp","href":"https:\/\/api.w.org\/{rel}","templated":true}]}}