{"id":159,"date":"2020-12-04T00:05:05","date_gmt":"2020-12-04T00:05:05","guid":{"rendered":"http:\/\/med-space.org\/youssef-zaz-master\/?page_id=159"},"modified":"2020-12-13T18:09:42","modified_gmt":"2020-12-13T18:09:42","slug":"representation","status":"publish","type":"page","link":"https:\/\/yzaz.net\/master\/representation\/","title":{"rendered":"Repr\u00e9sentation matricielle et vectorielle"},"content":{"rendered":"<p>Les formats de fichiers d\u2019images sont divis\u00e9s en 2 grandes cat\u00e9gories: les Images matricielles et les images vectorielles.<\/p>\n<h2>Images matricielles<\/h2>\n<p>Les formats d\u2019image les plus courants et surtout les plus utilis\u00e9es pour le web sont JPEG, GIF et PNG.<br \/>\nDans les images matricielles l\u2019image est sous forme d\u2019une matrice de pixels. Chaque pixel a une position (coordonn\u00e9es) et une intensit\u00e9 de couleur.<br \/>\nOn ne peut pas redimensionner efficacement les images. En effet le dessin et les pixels originaux seront simplement \u00e9tir\u00e9s pour remplir l\u2019espace suppl\u00e9mentaire. Cela donne une image floue, pix\u00e9lis\u00e9e ou d\u00e9form\u00e9e, et surtout s\u2019il y a un grand agrandissement.<\/p>\n<h2>Images vectorielles<\/h2>\n<p>SVG, EPS, AI et PDF sont des types de fichiers d\u2019images vectorielles. Contrairement aux formats de fichiers d\u2019images matricielles, o\u00f9 chaque est caract\u00e9ris\u00e9 par sa position et sa couleur, les images vectoriels utilisent un syst\u00e8me de lignes et de courbes, g\u00e9n\u00e9ralement mis \u00e0 l\u2019\u00e9chelle par rapport \u00e0 la surface totale, et non par rapport \u00e0 une position pr\u00e9d\u00e9finie. Cela signifie que nous pouvons agrandir l\u2019image originale sans perte de qualit\u00e9 ni distorsion.<\/p>\n<p>&nbsp;<\/p>\n","protected":false},"excerpt":{"rendered":"<div class=\"mh-excerpt\"><p>Les formats de fichiers d\u2019images sont divis\u00e9s en 2 grandes cat\u00e9gories: les Images matricielles et les images vectorielles. Images matricielles Les formats d\u2019image les plus <a class=\"mh-excerpt-more\" href=\"https:\/\/yzaz.net\/master\/representation\/\" title=\"Repr\u00e9sentation matricielle et vectorielle\">[&#8230;]<\/a><\/p>\n<\/div>","protected":false},"author":1,"featured_media":0,"parent":0,"menu_order":26,"comment_status":"closed","ping_status":"closed","template":"","meta":{"footnotes":""},"_links":{"self":[{"href":"https:\/\/yzaz.net\/master\/wp-json\/wp\/v2\/pages\/159"}],"collection":[{"href":"https:\/\/yzaz.net\/master\/wp-json\/wp\/v2\/pages"}],"about":[{"href":"https:\/\/yzaz.net\/master\/wp-json\/wp\/v2\/types\/page"}],"author":[{"embeddable":true,"href":"https:\/\/yzaz.net\/master\/wp-json\/wp\/v2\/users\/1"}],"replies":[{"embeddable":true,"href":"https:\/\/yzaz.net\/master\/wp-json\/wp\/v2\/comments?post=159"}],"version-history":[{"count":10,"href":"https:\/\/yzaz.net\/master\/wp-json\/wp\/v2\/pages\/159\/revisions"}],"predecessor-version":[{"id":518,"href":"https:\/\/yzaz.net\/master\/wp-json\/wp\/v2\/pages\/159\/revisions\/518"}],"wp:attachment":[{"href":"https:\/\/yzaz.net\/master\/wp-json\/wp\/v2\/media?parent=159"}],"curies":[{"name":"wp","href":"https:\/\/api.w.org\/{rel}","templated":true}]}}