{"id":28,"date":"2020-12-01T05:51:04","date_gmt":"2020-12-01T05:51:04","guid":{"rendered":"http:\/\/med-space.org\/youssef-zaz-master\/?page_id=28"},"modified":"2020-12-13T08:29:44","modified_gmt":"2020-12-13T08:29:44","slug":"notions-base","status":"publish","type":"page","link":"https:\/\/yzaz.net\/master\/","title":{"rendered":"Introduction"},"content":{"rendered":"<p>L&#8217;Image est repr\u00e9sentation d&#8217;une personne ou d&#8217;une chose par la peinture, la sculpture, le dessin, la photo, le film.<br \/>\nLa Vision est la perception du monde ext\u00e9rieur par les organes de la vue. L&#8217;image est associ\u00e9e \u00e0 la vision est une repr\u00e9sentation du monde ext\u00e9rieur. C\u2019est une composante subjective. Chaque individu voit de mani\u00e8re diff\u00e9rente la m\u00eame sc\u00e8ne. Les images, pas forc\u00e9ment un ph\u00e9nom\u00e8ne de vision pr\u00e9cis (images mentales, r\u00eaves). L\u2019image permet la repr\u00e9sentation d&#8217;objets immat\u00e9riels ou concepts (signal \u00e9lectrique, oscillogramme)<\/p>\n<h3>Traitement d\u2019images<\/h3>\n<p>Les traitements (ou pr\u00e9traitements) sont des op\u00e9rations de manipulation de l&#8217;image pour am\u00e9liorer la qualit\u00e9. Plusieurs pr\u00e9traitements sont disponibles. La compression qui permet de r\u00e9duire le volume de l&#8217;image ; la restauration qui applique des corrections des d\u00e9fauts dus \u00e0 une source de d\u00e9gradation ; l&#8217;am\u00e9lioration qui permet la modification de l&#8217;image dans le but de la rendre plus agr\u00e9able \u00e0 l&#8217;oeil.<br \/>\nL\u2019analyse est une suite d&#8217;op\u00e9rations pour l&#8217;extraction d&#8217;information contenue dans une image. La phase de segmentation avec partition de l&#8217;image.<br \/>\ntechniques de description \/ mod\u00e9lisation pour obtenir la description structurelle de l&#8217;image.<\/p>\n<h3>Traitement d&#8217;images et vision artificielle<\/h3>\n<p>Ce cours a pour objectif la d\u00e9couverte de techniques parmi les plus r\u00e9centes en traitement d&#8217;images et en vision par ordinateur (vision artificielle).<br \/>\nLe Traitement d&#8217;images est l&#8217;ensemble d&#8217;op\u00e9rations sur les images num\u00e9riques, qui transforment une image \u00e0 une autre. Alors que la vision artificielle d\u00e9signe la compr\u00e9hension d&#8217;une sc\u00e8ne ou d&#8217;un ph\u00e9nom\u00e8ne \u00e0 partir d&#8217;informations \u00ab image \u00bb, liant la perception, le comportement et le contr\u00f4le.<br \/>\nLes domaines trait\u00e9s vont du traitement du signal \u00e0 l&#8217;intelligence artificielle.<br \/>\nLe traitement d&#8217;images et la vision artificielle sont des disciplines qui \u00e9voluent rapidement. Elles sont en plein expansion et donnent lieu \u00e0 grand nombre de travaux re recherche acad\u00e9miques, technologiques, industriels.<\/p>\n","protected":false},"excerpt":{"rendered":"<div class=\"mh-excerpt\"><p>L&#8217;Image est repr\u00e9sentation d&#8217;une personne ou d&#8217;une chose par la peinture, la sculpture, le dessin, la photo, le film. La Vision est la perception du <a class=\"mh-excerpt-more\" href=\"https:\/\/yzaz.net\/master\/\" title=\"Introduction\">[&#8230;]<\/a><\/p>\n<\/div>","protected":false},"author":1,"featured_media":0,"parent":0,"menu_order":5,"comment_status":"closed","ping_status":"closed","template":"","meta":{"footnotes":""},"_links":{"self":[{"href":"https:\/\/yzaz.net\/master\/wp-json\/wp\/v2\/pages\/28"}],"collection":[{"href":"https:\/\/yzaz.net\/master\/wp-json\/wp\/v2\/pages"}],"about":[{"href":"https:\/\/yzaz.net\/master\/wp-json\/wp\/v2\/types\/page"}],"author":[{"embeddable":true,"href":"https:\/\/yzaz.net\/master\/wp-json\/wp\/v2\/users\/1"}],"replies":[{"embeddable":true,"href":"https:\/\/yzaz.net\/master\/wp-json\/wp\/v2\/comments?post=28"}],"version-history":[{"count":6,"href":"https:\/\/yzaz.net\/master\/wp-json\/wp\/v2\/pages\/28\/revisions"}],"predecessor-version":[{"id":471,"href":"https:\/\/yzaz.net\/master\/wp-json\/wp\/v2\/pages\/28\/revisions\/471"}],"wp:attachment":[{"href":"https:\/\/yzaz.net\/master\/wp-json\/wp\/v2\/media?parent=28"}],"curies":[{"name":"wp","href":"https:\/\/api.w.org\/{rel}","templated":true}]}}